 -2*q - 4. Let w be c(0). Let m = 4 - 7. Let l = m - w. What is the units digit of l?
1
Suppose 3*v + 0*v - 109 = 2*i, -5*i = 25. What is the units digit of v?
3
What is the units digit of (2/3)/(2/9)?
3
What is the units digit of (-1)/((-141)/(-48) + -3)?
6
Let a be 1 + 15*(-7)/(-1). Suppose a + 92 = 6*b. What is the units digit of b?
3
Let m(r) = 5*r**3 - 4*r + 5*r + 0*r + 14 - 4*r**3 + 10*r**2. Let h(i) = -11*i + 1. Let x be h(1). What is the units digit of m(x)?
4
Let l = -8 - -5. Let k(g) = 2*g**2 + 2*g - 4. Let y be k(l). Suppose z = -z + y. What is the units digit of z?
4
Let y(w) = -2*w**2 - 50*w - 26. What is the units digit of y(-20)?
4
Let c(t) = -t**3 + 10*t**2 - t + 13. What is the units digit of c(10)?
3
Let t(s) = 2 - 2 + 0 + 8*s + 3*s**2 - 2. What is the tens digit of t(-5)?
3
Suppose f + 6*f = 679. What is the tens digit of f?
9
Suppose 9*x - 3*x - 1026 = 0. What is the hundreds digit of x?
1
Suppose 5*x = 4*x + 8. Let v be (-4)/x - 51/2. Let z = -16 - v. What is the units digit of z?
0
Suppose -9 = 3*t, 136 = -4*i + 2*t + 430. What is the units digit of i?
2
Suppose 5*q - 126 = -2*n, -3*q + 0 = n - 76. What is the units digit of q?
6
Let d = -97 + 53. What is the units digit of d/(-3) + (-4)/6?
4
Let v = 8 - 6. Suppose 2*h - 5*q = 23, v*h + 8*q + 7 = 3*q. Suppose h*r - 60 = 4*n, 3*r = 2*n - n + 41. What is the tens digit of r?
1
Let l = -30 - -14. Let v be l/(-6) + (-5)/(-15). What is the units digit of -51*(0 + (-1)/v)?
7
Suppose 61 = z + o, 155 = -z + 4*z - 4*o. What is the tens digit of z?
5
Let x(l) = -l**2 - 32*l - 31. What is the hundreds digit of x(-27)?
1
Let v(f) be the second derivative of -f**5/20 + 2*f**4/3 - 4*f**3/3 - f**2/2 - f. What is the tens digit of v(6)?
2
Let w be 4/(3 - (-1 - -2)). Suppose -x - w*x = -9. Suppose 2*g + 16 = x*h - 0*h, 4*h = g + 23. What is the units digit of h?
6
Let c(i) = i**2 + 3*i + 2. Let y be c(-4). Let b(u) = -u + 14. What is the units digit of b(y)?
8
Suppose 2*j + 1 = 3. What is the units digit of 2/(0 - j)*-2?
4
Let m(x) = -x**2 - 12*x - 10. Let l be m(-11). Let s be (l - 0 - 2)*-6. Let r = s + -5. What is the units digit of r?
1
Suppose 2*v - 30 = -2*l - 0*l, -l = -5. Let g = v - -8. What is the tens digit of g?
1
Let i = -3 - -6. Suppose -i*c + 5 = 2. What is the units digit of c?
1
Suppose -u - 2*h - 3*h = -60, -5*u + 252 = h. What is the units digit of u?
0
Let w be 165/18 - (-1)/(-6). What is the units digit of 38/3 + 3/w?
3
Suppose -2*x - 3*h + 4 = h, -2 = -x + 3*h. Suppose 0*c + 14 = x*c. Suppose -4*q = 2*y + q + c, 2*y - 3 = -3*q. What is the units digit of y?
9
Suppose -289 = -v - 3*b, -b + 813 = 4*v - 376. What is the tens digit of v?
9
Let q(i) = -17*i - 10. What is the tens digit of q(-3)?
4
Let g = -17 - -11. Let z(v) = v**3 + 6*v**2 - 3*v - 7. What is the tens digit of z(g)?
1
Let z(l) = l**2 - 5*l + 2. Let k = -7 - -14. Let n be z(k). Suppose 4*g - n = 2*g. What is the units digit of g?
8
Suppose 4*k - 35 = -l, -2*l + 2*k = -0*k - 30. Let y = 8 + -6. Suppose -y*m - 1 = -l. What is the units digit of m?
9
Let m = -106 - -210. What is the tens digit of m?
0
Suppose -j = 2*t + 2*j - 13, -5*j + 30 = 5*t. Suppose -5*u + 150 = -4*v + v, 4*v = t*u - 155. What is the units digit of u?
7
Suppose -42 = -3*j + 69. What is the units digit of j?
7
Suppose 46 - 14 = f. Suppose 0 = 5*i + 2*h - f + 6, 0 = 2*i + 3*h - 17. What is the units digit of i?
4
Let j(h) = -2*h. Let i(g) = 2*g + 2. Suppose -b - 3*b - 8 = 0. Let u be i(b). What is the units digit of j(u)?
4
Let y = 10 - 14. Let j be y + 5 + (0 - 0). What is the units digit of (-1 - 6)*j*-1?
7
Suppose -5*d + a = -1000, 0 = -3*d - 0*a + 4*a + 583. What is the hundreds digit of d?
2
Let r = 66 + -17. What is the units digit of r?
9
Suppose 0 = 5*c - c - 32. Suppose z + c = 33. What is the tens digit of z?
2
Suppose 4*x = -3*p + 342, 2*p = -5*x + x + 340. Suppose 0*y + x = 3*y. Suppose 2 - y = -2*z. What is the tens digit of z?
1
Let i(z) = z - 5. Let y be i(7). Suppose 0 = n + 4*f - 17, -25 + 3 = -y*n - 4*f. Suppose 0 = q + 5, p + 2*p + n*q = 14. What is the tens digit of p?
1
What is the tens digit of 4 + -1 + 114 - (1 - 2)?
1
Let b(f) = 7*f. Let r be b(1). Suppose 0 = 3*a + 5*w - r, a = -w - 0*w + 3. Suppose -a*x + 11 + 5 = 0. What is the units digit of x?
4
Let q be -3*(0 + (-1)/(-3)). What is the tens digit of 17 + 0 + q - 0?
1
Suppose d = -3*d + 8. Let m(o) = 4*o**2 + 5 + 5 - 2*o**d - 10*o - o**2. What is the tens digit of m(10)?
1
Suppose -p + 2*f = -57 - 17, 0 = -2*p - 2*f + 118. What is the units digit of p?
4
What is the units digit of -1 + (0 - (0 - 25))?
4
Let h(l) = -l**3 + 8*l**2 - 7*l. Let m be h(5). Let w be (0 - 0)*-1 - -3. Suppose -2*p = w*p - m. What is the units digit of p?
8
Let t = 110 - 24. What is the tens digit of t?
8
Let p be 4 + -2 - 3 - 6. Let q = -4 - p. What is the units digit of q?
3
Suppose -3*x - 2*y - 29 = -231, -5*y = x - 76. What is the units digit of x?
6
Suppose -332 = 13*i - 1125. What is the tens digit of i?
6
Let w = -2 + 4. Suppose 4 = 2*u + w. What is the units digit of u?
1
Suppose 0 = -4*n - 0*s - s - 76, s = -n - 22. Let z be ((-9)/(-5))/(n/(-60)). Suppose -3*h + z = -6. What is the units digit of h?
4
Let n = 293 - 198. Suppose -124 = -5*l + j, -4*l + n = -0*l - 5*j. What is the units digit of l?
5
Let f be ((-3)/(-9))/((-2)/12). What is the units digit of f + 0 - (-14 + -1)?
3
Let g be (2/(-4))/((-3)/(-12)). Let v(k) be the second derivative of -k**4/12 - 2*k**3/3 - 3*k**2/2 - 3*k. What is the units digit of v(g)?
1
Let d(j) = j**3 + 8*j**2 + 7*j - 7. Let q be d(-7). Let x(o) = -o**3 + 9*o - 6*o**2 + 10 + 0*o**2 - o. What is the units digit of x(q)?
3
Let y(k) = 2*k + 12. What is the units digit of y(10)?
2
Let m = -41 + 51. What is the units digit of m?
0
Suppose -3*w = -5*j - 40, 13 = 3*j - 2*w + 38. Suppose 4*a - 9 = -3*r, 2*a - 45 = -3*a + 3*r. Let g = j + a. What is the units digit of g?
1
Let p(d) = -31*d - 19. What is the units digit of p(-4)?
5
Let b(w) = -w**2 - 24*w - 17. What is the tens digit of b(-16)?
1
Suppose -5*a + 4*y + 12 = 0, a - 2*a - 6 = -5*y. Suppose -a = -z + 3. What is the units digit of z?
7
Suppose 0*l - 5*j - 1 = l, -3*j = 2*l + 2. Let p be l + (2 - (-2 - 0)). Suppose s = -3*x + x - p, -4*s - 25 = -5*x. What is the units digit of x?
1
Let m(g) = -g**3 + 7*g**2 + 6*g - 12. What is the tens digit of m(5)?
6
Suppose -5*g = 5*h - 50, -4*g + 6*g = -3*h + 29. What is the units digit of h?
9
Suppose 2*j = -3*j + 345. What is the units digit of j?
9
What is the units digit of 35*((-45)/(-25) + 0)?
3
Suppose -2*l + 12 = -0*w - 2*w, -5*l = 4*w - 30. Let y be l/(5 - 2) + -1. What is the units digit of y/2*(5 + 1)?
3
Let a = 143 + -84. What is the units digit of a?
9
Suppose a + 16 = 2*c, c - a + 3*a = 3. Suppose 21 + c = 2*q. What is the units digit of q?
4
Suppose -s + 0 = -3*z + 43, z = 3*s + 25. What is the units digit of z?
3
What is the units digit of 1 - (3 + -4)*2?
3
Let o = 29 + -14. Let x = -3 + -2. Let s = o + x. What is the tens digit of s?
1
Let o be 8*((-52)/(-16) - 3). Suppose -z - 4*x - 3 + 10 = 0, -o*x = z - 9. What is the tens digit of z?
1
Let w(v) = 95*v**3. What is the tens digit of w(1)?
9
Let q = 71 + -43. What is the units digit of q?
8
What is the tens digit of -4 - 2/((24/772)/(-3))?
8
Let n = 6 + -4. Suppose n*r + 0 + 2 = 0, 5*t = 3*r + 28. What is the units digit of t?
5
What is the units digit of 1 - (-61 - (1 - 4))?
9
Suppose 6*a = a - 70. Let n = -2 - a. What is the tens digit of n?
1
Suppose 70 + 80 = -5*d. Let z be d/(-9) + 6/9. What is the units digit of (-10 - 0)*z/(-10)?
4
Suppose 0 = 3*w - 56 - 25. What is the units digit of w?
7
Let h = -7 - -4. Let x = -8 - h. Let o = x + 8. What is the units digit of o?
3
Let t(b) = -b**2 + 4*b + 7. Let c be t(5). Suppose 2*o + c = 5*k - 45, 22 = 3*k + 5*o. What is the units digit of k?
9
Suppose 4*o + 2*o = 702. What is the tens digit of o?
1
Suppose -d = m - 3*m + 185, -d + 195 = 2*m. What is the tens digit of m?
9
Let q(n) = -n**2 - 18*n + 14. What is the tens digit of q(-17)?
3
Let c be 2/5 + (-22)/5. Suppose 0*w = -3*w + 30. What is the units digit of 44/10 + c/w?
4
Let i(m) = -m**2 + 9*m - 2. Let r = -79 - -201. Let x be r/18 - 2/(-9). What is the tens digit of i(x)?
1
Suppose -3